test common divisor of 170252416 and 2176?
2176
Calculate the highest common divisor of 46846790 and 2487.
829
What is the greatest common factor of 171166 and 374601?
1403
Calculate the highest common factor of 35376 and 1150512.
528
What is the highest common divisor of 208 and 954031?
13
What is the greatest common factor of 126 and 14887250?
14
Calculate the greatest common factor of 212983 and 1283866.
373
What is the greatest common factor of 1566065 and 95545?
485
Calculate the greatest common divisor of 2737 and 1002.
1
What is the highest common factor of 350999 and 2479517?
1877
What is the greatest common divisor of 15638195 and 695?
695
What is the greatest common divisor of 581994392 and 23?
23
Calculate the greatest common factor of 211118 and 4101508.
746
Calculate the highest common divisor of 1122 and 485529.
33
What is the greatest common factor of 175 and 5782250?
25
Calculate the greatest common divisor of 53622 and 35559.
81
Calculate the greatest common factor of 3829983 and 376.
47
Calculate the highest common factor of 311795458 and 124.
62
What is the highest common divisor of 7806426 and 91219?
4801
What is the greatest common factor of 129527024 and 36?
4
What is the greatest common factor of 53622 and 5189346?
162
What is the highest common divisor of 152 and 3945806?
38
What is the greatest common factor of 129 and 992010?
129
Calculate the greatest common divisor of 472 and 18564527.
59
What is the greatest common factor of 9816099 and 3?
3
What is the highest common divisor of 180086272 and 512?
512
What is the greatest common factor of 755 and 639792436?
151
What is the highest common divisor of 16684838 and 64302?
3062
Calculate the highest common factor of 6403642 and 14.
14
What is the greatest common divisor of 28072353 and 1492?
373
Calculate the greatest common factor of 80436 and 42.
6
What is the highest common divisor of 39348 and 37566?
18
Calculate the highest common factor of 13365 and 8199.
9
Calculate the highest common factor of 218053 and 98193.
461
Calculate the greatest common divisor of 133 and 47614285.
19
What is the greatest common factor of 4620475 and 878?
439
What is the highest common factor of 5953124 and 948?
316
Calculate the highest common factor of 30 and 46492485.
15
Calculate the greatest common factor of 162 and 25167966.
6
What is the greatest common divisor of 15763809 and 759?
69
What is the greatest common factor of 202159 and 4321?
29
Calculate the highest common factor of 960 and 518080.
320
Calculate the greatest common divisor of 25419 and 135.
3
What is the highest common factor of 667968 and 158172?
588
Calculate the greatest common divisor of 17024 and 801472.
448
What is the highest common divisor of 2601 and 8606607?
51
What is the highest common divisor of 318 and 847552998?
318
What is the greatest common divisor of 41192 and 32572?
4
What is the greatest common factor of 4020 and 21987390?
2010
What is the greatest common factor of 15968207 and 293?
293
What is the highest common divisor of 512 and 35544192?
128
Calculate the greatest common factor of 16182993 and 12.
3
Calculate the highest common factor of 1148759 and 5283.
587
Calculate the highest common factor of 33 and 7408489.
11
Calculate the highest common factor of 293452 and 64.
4
What is the highest common factor of 18946956 and 4642?
422
What is the highest common divisor of 249494058 and 1089?
99
Calculate the greatest common divisor of 86660 and 595.
35
Calculate the highest common factor of 308 and 3991316.
28
What is the highest common divisor of 583609 and 520?
13
Calculate the highest common factor of 2105 and 938276385.
2105
Calculate the highest common divisor of 99438 and 2094.
6
Calculate the greatest common factor of 60858 and 321.
3
What is the highest common divisor of 792550 and 13673?
121
What is the highest common factor of 90227465 and 265?
265
Calculate the highest common divisor of 2738 and 1079734.
74
Calculate the highest common factor of 9353652 and 6572.
212
What is the greatest common factor of 1806 and 1453572?
258
Calculate the highest common factor of 9 and 3910662882.
9
What is the highest common divisor of 2840 and 104680?
40
What is the greatest common factor of 309888 and 2688?
384
What is the greatest common divisor of 90 and 2004768?
18
What is the greatest common divisor of 1437912 and 32628?
12
What is the greatest common factor of 19044 and 97254?
18
Calculate the greatest common factor of 1225 and 52869775.
1225
Calculate the highest common factor of 126750 and 11783525.
4225
What is the greatest common divisor of 30450041 and 244?
61
What is the highest common divisor of 99535 and 274014?
1171
What is the greatest common factor of 975 and 10699?
13
What is the highest common factor of 11496702 and 4872?
1218
Calculate the highest common factor of 66572 and 104575.
89
What is the highest common divisor of 4690 and 47765305?
2345
Calculate the highest common divisor of 32300 and 1094020.
380
Calculate the highest common factor of 8247644 and 1988.
284
What is the greatest common factor of 31208588 and 2872?
1436
Calculate the highest common factor of 6927781 and 232.
29
What is the highest common factor of 422477734 and 868?
434
Calculate the greatest common factor of 5068 and 4843198.
362
What is the greatest common factor of 7 and 7401926?
7
What is the highest common divisor of 13018 and 793987347?
6509
Calculate the greatest common factor of 532 and 6291166.
266
Calculate the greatest common factor of 26207927 and 186.
31
Calculate the greatest common divisor of 3392 and 301729.
53
Calculate the greatest common divisor of 198 and 1356036.
66
Calculate the highest common factor of 356 and 60141572.
356
What is the highest common factor of 1240128 and 6208?
64
What is the greatest common factor of 38984732 and 4712?
2356
What is the highest common divisor of 76 and 55618852?
76
Calculate the highest common divisor of 723600 and 523605.
1005
What is the highest common factor of 1208 and 24427421?
151
Calculate the greatest common divisor of 111402 and 577098.
54
What is the greatest common divisor of 2218576 and 2?
2
Calculate the greatest common divisor of 54356 and 182753.
127
Calculate the greatest common factor of 2888 and 8266178.
722
Calculate the greatest common factor of 19892649 and 210.
21
Calculate the greatest common divisor of 467280 and 1125.
45
Calculate the greatest common factor of 39314 and 117502.
22
What is the greatest common factor of 2201 and 16259?
71
Calculate the greatest common factor of 116 and 2483829004.
116
Calculate the greatest common divisor of 5437536 and 4368.
624
What is the highest common factor of 7758 and 60020198?
862
Calculate the highest common divisor of 79555 and 1711569.
2273
Calculate the highest common factor of 26282537 and 115.
23
What is the greatest common factor of 30 and 15357490?
10
What is the highest common factor of 8835756 and 7430?
1486
What is the highest common divisor of 878089262 and 23?
23
What is the greatest common factor of 214228575 and 297?
99
Calculate the highest common divisor of 12065 and 276355.
95
What is the greatest common divisor of 88151 and 1652253?
257
Calculate the highest common factor of 28826240 and 5110.
730
What is the greatest common divisor of 197952993 and 441?
441
Calculate the greatest common divisor of 14406 and 5909204.
686
Calculate the greatest common divisor of 1797276 and 9594.
3198
What is the highest common divisor of 195 and 2793420045?
195
What is the greatest common divisor of 591835129 and 3361?
3361
What is the greatest common factor of 1175280 and 240?
240
What is the greatest common divisor of 1376 and 1653436?
172
Calculate the highest common factor of 1503950 and 1050.
350
Calculate the highest common divisor of 120 and 1172560.
40
What is the highest common divisor of 8425301 and 622?
311
What is the greatest common factor of 5350 and 1280897?
107
Calculate the greatest common divisor of 14712707 and 28310.
2831
What is the greatest common factor of 215445588 and 12?
12
Calculate the greatest common factor of 720581 and 721982.
467
What is the highest common factor of 1 and 12743413?
1
What is the greatest common factor of 250 and 7636080?
10
Calcula